{"id":26,"date":"2025-04-25T23:22:36","date_gmt":"2025-04-25T21:22:36","guid":{"rendered":"https:\/\/adelec23.fr\/?page_id=26"},"modified":"2025-04-29T23:06:54","modified_gmt":"2025-04-29T21:06:54","slug":"irve-2","status":"publish","type":"page","link":"https:\/\/adelec23.fr\/index.php\/irve-2\/","title":{"rendered":"IRVE"},"content":{"rendered":"\n<p>Entreprise certifi\u00e9 Pour la pose de Borne de Recharge de V\u00e9hicules \u00e9lectriques<\/p>\n\n\n\n<figure class=\"wp-block-image size-full\"><img loading=\"lazy\" decoding=\"async\" width=\"500\" height=\"601\" src=\"https:\/\/adelec23.fr\/wp-content\/uploads\/2025\/04\/logo-IRVE-L500.jpg\" alt=\"\" class=\"wp-image-104\" srcset=\"https:\/\/adelec23.fr\/wp-content\/uploads\/2025\/04\/logo-IRVE-L500.jpg 500w, https:\/\/adelec23.fr\/wp-content\/uploads\/2025\/04\/logo-IRVE-L500-250x300.jpg 250w\" sizes=\"auto, (max-width: 500px) 100vw, 500px\" \/><\/figure>\n","protected":false},"excerpt":{"rendered":"<p>Entreprise certifi\u00e9 Pour la pose de Borne de Recharge de V\u00e9hicules \u00e9lectriques<\/p>\n","protected":false},"author":1,"featured_media":0,"parent":0,"menu_order":0,"comment_status":"closed","ping_status":"closed","template":"","meta":{"footnotes":""},"class_list":["post-26","page","type-page","status-publish","hentry"],"jetpack_sharing_enabled":true,"_links":{"self":[{"href":"https:\/\/adelec23.fr\/index.php\/wp-json\/wp\/v2\/pages\/26","targetHints":{"allow":["GET"]}}],"collection":[{"href":"https:\/\/adelec23.fr\/index.php\/wp-json\/wp\/v2\/pages"}],"about":[{"href":"https:\/\/adelec23.fr\/index.php\/wp-json\/wp\/v2\/types\/page"}],"author":[{"embeddable":true,"href":"https:\/\/adelec23.fr\/index.php\/wp-json\/wp\/v2\/users\/1"}],"replies":[{"embeddable":true,"href":"https:\/\/adelec23.fr\/index.php\/wp-json\/wp\/v2\/comments?post=26"}],"version-history":[{"count":2,"href":"https:\/\/adelec23.fr\/index.php\/wp-json\/wp\/v2\/pages\/26\/revisions"}],"predecessor-version":[{"id":105,"href":"https:\/\/adelec23.fr\/index.php\/wp-json\/wp\/v2\/pages\/26\/revisions\/105"}],"wp:attachment":[{"href":"https:\/\/adelec23.fr\/index.php\/wp-json\/wp\/v2\/media?parent=26"}],"curies":[{"name":"wp","href":"https:\/\/api.w.org\/{rel}","templated":true}]}}

<p>Entreprise certifié Pour la pose de Borne de Recharge de Véhicules électriques</p>



<figure class="wp-block-image size-full"><img loading="lazy" decoding="async" width="500" height="601" src="https://adelec23.fr/wp-content/uploads/2025/04/logo-IRVE-L500.jpg" alt="" class="wp-image-104" srcset="https://adelec23.fr/wp-content/uploads/2025/04/logo-IRVE-L500.jpg 500w, https://adelec23.fr/wp-content/uploads/2025/04/logo-IRVE-L500-250x300.jpg 250w" sizes="auto, (max-width: 500px) 100vw, 500px" /></figure>

<p>Entreprise certifié Pour la pose de Borne de Recharge de Véhicules électriques</p>
