{"id":51,"date":"2025-04-25T23:54:39","date_gmt":"2025-04-25T21:54:39","guid":{"rendered":"https:\/\/adelec23.fr\/?page_id=51"},"modified":"2025-04-30T18:54:57","modified_gmt":"2025-04-30T16:54:57","slug":"contact","status":"publish","type":"page","link":"https:\/\/adelec23.fr\/index.php\/contact\/","title":{"rendered":"Contact"},"content":{"rendered":"\n<p>N&rsquo;h\u00e9sitez pas \u00e0 demander un devis gratuit pour une installation de panneaux photovolta\u00efque, la pose d&rsquo;une borne de recharge, motorisation de portail. La r\u00e9novation \u00e9lectrique de votre habitation<\/p>\n\n\n<div class=\"wp-block-jetpack-contact-form is-layout-flex wp-container-jetpack-contact-form-is-layout-dc45eb8d wp-block-jetpack-contact-form-is-layout-flex\"><a href=\"https:\/\/adelec23.fr\/index.php\/contact\/\" target=\"_blank\" rel=\"noopener noreferrer\">Soumettre un formulaire.<\/a><\/div>\n\n\n<hr class=\"wp-block-separator has-alpha-channel-opacity\"\/>\n\n\n\n<div class=\"wp-block-jetpack-contact-info\">\n<div class=\"wp-block-jetpack-email\"><a href=\"mailto:info@adelec23.fr\">info@adelec23.fr<\/a><\/div>\n\n\n\n<div class=\"wp-block-jetpack-phone\"><a href=\"tel:0783919499\">0783919499<\/a><\/div>\n\n\n\n<div class=\"wp-block-jetpack-address\"><a href=\"https:\/\/www.google.com\/maps\/search\/Les+Pouges,+Champagnat,+23190\" target=\"_blank\" rel=\"noopener noreferrer\" title=\"Ouvrir l\u2019adresse dans Google Maps\"><div class=\"jetpack-address__address jetpack-address__address1\">Les Pouges<\/div><div><span class=\"jetpack-address__city\">Champagnat<\/span>, <span class=\"jetpack-address__region\"><\/span> <span class=\"jetpack-address__postal\">23190<\/span><\/div><\/a><\/div>\n<\/div>\n","protected":false},"excerpt":{"rendered":"<p>N&rsquo;h\u00e9sitez pas \u00e0 demander un devis gratuit pour une installation de panneaux photovolta\u00efque, la pose d&rsquo;une borne de recharge, motorisation de portail. La r\u00e9novation \u00e9lectrique de votre habitation<\/p>\n","protected":false},"author":1,"featured_media":0,"parent":0,"menu_order":0,"comment_status":"closed","ping_status":"closed","template":"","meta":{"footnotes":""},"class_list":["post-51","page","type-page","status-publish","hentry"],"jetpack_sharing_enabled":true,"_links":{"self":[{"href":"https:\/\/adelec23.fr\/index.php\/wp-json\/wp\/v2\/pages\/51","targetHints":{"allow":["GET"]}}],"collection":[{"href":"https:\/\/adelec23.fr\/index.php\/wp-json\/wp\/v2\/pages"}],"about":[{"href":"https:\/\/adelec23.fr\/index.php\/wp-json\/wp\/v2\/types\/page"}],"author":[{"embeddable":true,"href":"https:\/\/adelec23.fr\/index.php\/wp-json\/wp\/v2\/users\/1"}],"replies":[{"embeddable":true,"href":"https:\/\/adelec23.fr\/index.php\/wp-json\/wp\/v2\/comments?post=51"}],"version-history":[{"count":12,"href":"https:\/\/adelec23.fr\/index.php\/wp-json\/wp\/v2\/pages\/51\/revisions"}],"predecessor-version":[{"id":165,"href":"https:\/\/adelec23.fr\/index.php\/wp-json\/wp\/v2\/pages\/51\/revisions\/165"}],"wp:attachment":[{"href":"https:\/\/adelec23.fr\/index.php\/wp-json\/wp\/v2\/media?parent=51"}],"curies":[{"name":"wp","href":"https:\/\/api.w.org\/{rel}","templated":true}]}}